{"id":20,"date":"2008-12-11T19:20:52","date_gmt":"2008-12-11T18:20:52","guid":{"rendered":"http:\/\/dev.danphilibin.com\/wordpress\/?page_id=36"},"modified":"2016-12-28T10:36:02","modified_gmt":"2016-12-28T09:36:02","slug":"colofon","status":"publish","type":"page","link":"https:\/\/kosmopolisutrecht.nl\/blog\/over-ons\/colofon\/","title":{"rendered":"Colofon"},"content":{"rendered":"<p><a href=\"http:\/\/kosmopolisutrecht.nl\/blog\/wp-content\/uploads\/2013\/02\/Kosmopolis-Utrecht_colour7.jpg\"><img loading=\"lazy\" decoding=\"async\" class=\"alignright\" alt=\"kosmopolis-utrecht_colour-jpg\" src=\"http:\/\/kosmopolisutrecht.nl\/blog\/wp-content\/uploads\/2013\/02\/Kosmopolis-Utrecht_colour7.jpg\" width=\"226\" height=\"163\" \/><\/a>De website van Kosmopolis Utrecht is tot stand gekomen in samenwerking met:<\/p>\n<ul>\n<li><strong>Stichting Kosmopolis Utrecht<\/strong><\/li>\n<li><strong>Schermen&amp; &#8211; <a title=\"SCHERMEN&amp;: digitaliseren erfgoed of instructie in de schermsport - mijn werk, jouw interesse\" href=\"http:\/\/www.schermen-en.nl\" target=\"_blank\">ontsluiten van digitaal erfgoed<\/a><\/strong><\/li>\n<\/ul>\n<p>Het logo van Kosmopolis is gebaseerd op Pangea, naar een oorspronkelijk idee van Silke Wawro.<\/p>\n<p><a href=\"http:\/\/kosmopolisutrecht.nl\/blog\/wp-content\/uploads\/2013\/02\/Kosmopolis-Utrecht_colour7.jpg\"><br \/>\n<\/a>Pangea is het supercontinent dat bestond tijdens het einde van het Perm en het Trias, 250 tot 210 miljoen jaar (Ma) geleden, waaruit alle huidige continenten ontstaan zijn. De naam Pangea is een samenvoeging van de Griekse woorden pan (alles) en gaia (aarde). Pangea werd omgeven door \u00e9\u00e9n oceaan, de Panthalassa, naar het Griekse thalassa (zee). Pangea was \u00e9\u00e9n grote landmassa die op den duur door de platentektoniek opgebroken werd.<\/p>\n<p><em>Laatst gewijzigd op 20 februari 2013.<\/em><\/p>\n<p>&nbsp;<\/p>\n","protected":false},"excerpt":{"rendered":"<p>De website van Kosmopolis Utrecht is tot stand gekomen in samenwerking met: Stichting Kosmopolis Utrecht Schermen&amp; &#8211; ontsluiten van digitaal erfgoed Het logo van Kosmopolis is gebaseerd op Pangea, naar een oorspronkelijk idee van Silke Wawro. Pangea is het supercontinent dat bestond tijdens het einde van het Perm en het Trias, 250 tot 210 miljoen &hellip; <\/p>\n<p><a class=\"more-link btn\" href=\"https:\/\/kosmopolisutrecht.nl\/blog\/over-ons\/colofon\/\">Lees verder<\/a><\/p>\n","protected":false},"author":13,"featured_media":0,"parent":54,"menu_order":9,"comment_status":"closed","ping_status":"closed","template":"template-twocolumnsleft.php","meta":{"_monsterinsights_skip_tracking":false,"_monsterinsights_sitenote_active":false,"_monsterinsights_sitenote_note":"","_monsterinsights_sitenote_category":0,"footnotes":""},"_links":{"self":[{"href":"https:\/\/kosmopolisutrecht.nl\/blog\/wp-json\/wp\/v2\/pages\/20"}],"collection":[{"href":"https:\/\/kosmopolisutrecht.nl\/blog\/wp-json\/wp\/v2\/pages"}],"about":[{"href":"https:\/\/kosmopolisutrecht.nl\/blog\/wp-json\/wp\/v2\/types\/page"}],"author":[{"embeddable":true,"href":"https:\/\/kosmopolisutrecht.nl\/blog\/wp-json\/wp\/v2\/users\/13"}],"replies":[{"embeddable":true,"href":"https:\/\/kosmopolisutrecht.nl\/blog\/wp-json\/wp\/v2\/comments?post=20"}],"version-history":[{"count":4,"href":"https:\/\/kosmopolisutrecht.nl\/blog\/wp-json\/wp\/v2\/pages\/20\/revisions"}],"predecessor-version":[{"id":7199,"href":"https:\/\/kosmopolisutrecht.nl\/blog\/wp-json\/wp\/v2\/pages\/20\/revisions\/7199"}],"up":[{"embeddable":true,"href":"https:\/\/kosmopolisutrecht.nl\/blog\/wp-json\/wp\/v2\/pages\/54"}],"wp:attachment":[{"href":"https:\/\/kosmopolisutrecht.nl\/blog\/wp-json\/wp\/v2\/media?parent=20"}],"curies":[{"name":"wp","href":"https:\/\/api.w.org\/{rel}","templated":true}]}}